 1 + -28 + 53 + -22.
-6
20 - (2 - (0 - 1)) - (-22 - -28)
11
-21 - (-14 + -17 + 25)
-15
What is the value of 6 - (-7 + 13 + 2 - 7)?
5
Calculate 12 + (6 - -2) + -28 + (-8 - 0).
-16
Calculate -7 + 3 + 9 + 5.
10
Calculate (6 + -25 - -10) + 4.
-5
What is -23 + 1 - -17 - (-30 - (-1 + -1))?
23
Evaluate 64 - (-7 - -38) - 40.
-7
What is -34 + -20 - (-29 + 2)?
-27
What is the value of 5 + -2 + 2 + 0 + -9?
-4
What is -18 + (-5 - (2 - 16 - (-15 - -12)))?
-12
What is -4 + (0 - (-10 + -3) - 0)?
9
Evaluate (-5 - 1) + -5 - -8.
-3
Calculate 1 + 6 - (28 - (43 + -21)).
1
What is the value of -39 + 39 - (-3 + -21)?
24
Evaluate -2 + -2 + 5 - (-4 + -1).
6
-16 + 32 + 5 + -21 + -13
-13
What is (-4 - (6 + -7)) + (3 - 5)?
-5
What is the value of (-13 - -1) + 5 + -10 - (16 - 20)?
-13
What is the value of (10 - 5) + -6 + (47 - 15 - 4)?
27
What is -3 - (-13 + 38) - -18?
-10
What is -9 - (6 + -28 + 0 + -9)?
22
Evaluate 37 - (-46 + 17 - -32).
34
(-3 - 5) + -4 - -10
-2
What is the value of (20 - 31) + (-74 - -68)?
-17
What is the value of -1 - -25 - (30 + -23 - (-3 - -7))?
21
Evaluate (11 - 23) + 19 + 6 + 2 + -4.
11
20 + (-41 - -28 - -16)
23
What is 3 - (-9 + (14 - (14 - 7)))?
5
Evaluate -50 + 67 - (12 + 5).
0
Calculate -7 - (-6 - 1) - (-22 + 13) - -20.
29
What is the value of (-7 - (-4 + (0 - 1))) + -9 + 5?
-6
5 + (-4 - (3 + -2 + 8))
-8
What is the value of (257 - 262) + (-10 - 0)?
-15
What is the value of 141 + -138 + (-3 - 0)?
0
Evaluate 2 - (-2 - -3) - (-190 - -171).
20
What is the value of (365 - 380) + (-1 - -10)?
-6
What is the value of 99 - 93 - ((1 + 10 - 1) + -1)?
-3
What is (0 + -2 - -11) + 6?
15
Evaluate 26 + 44 + -15 + -39.
16
Calculate -22 - -1 - (-18 + -7 + 17).
-13
Evaluate 29 + (-4 + -8 - (-1 - 2)).
20
Calculate -22 + (8 - (18 + -25)).
-7
What is (-3 - 1 - (7 + -5 + -4)) + 6?
4
-2 + 17 - (9 + -33 - -37)
2
-1 + -10 + -58 + 48 + 38
17
Calculate 2 + 15 + -19 + 30.
28
Evaluate (19 - -2) + (-20 - (-3 - 6)).
10
What is -8 + 10 + -24 - 4?
-26
19 - 9 - (-4 - -24 - (1 + 1))
-8
What is the value of 0 - (12 - 3 - (-5 - -24))?
10
What is the value of 16 + 0 + (-19 - -10)?
7
What is the value of (9 - -8) + -8 - -2?
11
What is (-5 - (2 - -1)) + 5 - -4 - 18?
-17
What is the value of 14 + -7 + -7 + 8 - -11?
19
What is the value of 3 + (-1 - -4) + (13 - 23)?
-4
What is -9 + (5 - (1 + 0)) + -4?
-9
(-5 - -1) + (5 - ((-5 - -5) + 3))
-2
Evaluate -11 - (14 - 45 - (-1 - 4)).
15
Evaluate (6 - -7) + -6 + (1 - 0).
8
Evaluate 11 + (-21 - -16) - 23.
-17
Evaluate (-5 - 5) + (-2 - -41 - 9).
20
What is the value of (4 - -2) + (-32 - -30) + -22?
-18
21 + (-2 - -2) + -12
9
What is -3 + 1 + -11 + (-1 - -24)?
10
What is the value of (14 - 13) + (5 - (-5 - -17)) - -27?
21
Calculate -13 + (-2 - (-18 - (11 - 33))).
-19
What is the value of -19 - ((-62 - -25) + 30)?
-12
Evaluate 2 + -20 - (13 - -12 - 40).
-3
What is the value of 31 + -8 - (7 + -9)?
25
Calculate (37 - 34 - (-18 - -1)) + -1.
19
What is the value of 25 - 18 - (-9 + 1)?
15
Calculate (-40 - (-29 + -31)) + 0 + -13.
7
What is the value of 11 - (-14 + 7 + 14) - 8?
-4
-14 - 1 - -11 - (4 + -2 + 4)
-10
(1 - (5 - 8)) + -15 + -9 + -8
-28
What is -34 + (9 - ((-13 - -8) + 3))?
-23
What is (1 - (12 + -13)) + -1 + 13?
14
What is the value of 2 + (-6 + (-1 - -4) + -2 - -25)?
22
Calculate (-8 - -8) + -3 - (13 + 4 + 3).
-23
What is the value of -5 - (0 + (0 - 2) + -156 + 152)?
1
What is the value of 4 - 16 - -15 - (3 + -1)?
1
Evaluate -4 - (31 - (4 + 16)).
-15
10 + 19 + (14 - 30)
13
Evaluate (-13 - (-1 - -27)) + 4.
-35
Calculate -14 + -4 + 12 - (8 + -1).
-13
Calculate (16 + -4 + -3 - 2) + -20 - 11.
-24
13 - (-3 + 4) - (1 - -2)
9
What is the value of -65 - -64 - (-6 - (-4 - -3) - -4)?
0
-7 - (-11 + 4 + -2 - (4 - 8))
-2
Evaluate -8 - -2 - 2 - (-6 + 4 + -5).
-1
Evaluate (-15 + 10 - 2 - -7 - -5) + -30.
-25
Calculate (35 - (9 + 8)) + -19.
-1
Calculate (7 + (9 - 12) - 14) + 4.
-6
(-9 - (-5 - (-1 + 6))) + -4
-3
What is (-14 - (2 + -13)) + 7?
4
6 + (1 - 1 - 18) + (8 - 5)
-9
Calculate (-3 - (7 + -12 + 2)) + (0 - 2).
-2
-4 + -4 + (21 - 8) - -8
13
Calculate 14 - (-11 + 10) - 3 - -5.
17
Calculate 60 + -81 - (-5 - 25).
9
-1 - (10 + 0 - (3 + 2 - -1))
-5
What is the value of 25 + 45 + -28 - 32?
10
Evaluate 1 + (11 - -2) + -8 + -17 + 37.
26
Calculate -12 - 2 - ((4 - 8) + -3).
-7
Evaluate -1 + -1 - (-59 + 0 + 36).
21
What is -7 + 15 + (-33 - -15)?
-10
Calculate (1 - -9) + 0 + 2 + -14 + 24.
22
Evaluate 1 + -8 - (12 + -24 + -1).
6
Evaluate -3 - 2 - (-23 - -49 - 22).
-9
What is 17 + -21 + 6 + -15?
-13
(6 - 3 - 2) + -10 - (-67 + 71)
-13
What is -9 + 7 + (-1 - (-2 + 4))?
-5
Evaluate 8 + -17 - (4 - 22).
9
What is -15 - (5 + (-8 - 7))?
-5
What is the value of (-7 - (1 - 1)) + -18 + 31 + -12?
-6
Evaluate (1 - 9) + (-2 + -2 - (330 - 329)).
-13
Evaluate (-5 - 3 - -10) + -14.
-12
-2 + (1 - -7) + (192 - 209)
-11
Evaluate 2 + 1 - (-66 - -75).
-6
-20 + 39 - -8 - (1 + -3)
29
What is 15 - (16 - -4) - (1 + -5)?
-1
Calculate (223 - 226) + 1 + 1 + 14.
13
What is 35 - 24 - (-13 + 25)?
-1
Evaluate 11 - (2 + -25 + 21).
13
What is 0 + 0 + (-6 - (-25 - -11))?
8
What is the value of -6 - -1 - (-42 - (-78 - -15))?
-26
Evaluate -1 - (-1 + 0 - (0 + 0 - 5)).
-5
-2 - 15 - (2 - ((-2 - -8) + -1))
-14
(16 + 14 - 34) + 11
7
-90 + 84 + 3 + (-1 + -2 - -11)
5
What is the value of -247 + 261 - (1 - 9)?
22
(-3 - -6) + 10 + -27
-14
-3 + 25 - (120 - 111)
13
What is the value of -3 - (-19 + (-1 - (13 + -15)))?
15
Calculate (11 + 0 - (-32 - -35)) + -1 + -1.
6
Calculate 16 - (-15 + (12 - -6)).
13
What is the value of (-275 - -283) + -1 + -16?
-9
Calculate (-51 - -30) + 23 + -1 + 6 + -2.
5
Calculate 1 + 5 - (14 - (-4 - -14 - 2)).
0
Evaluate -36 - (-7 + (1 - -8 - 10)).
-28
What is the value of (2 + -11 - (-38 - -29)) + 6 - -8?
14
Calculate (-29 - (16 - 35)) + 1 + -2.
-11
What is -39 + 34 + 23 + (-2 - (1 + -3))?
18
Calculate (-29 - -13) + -15 - -46.
15
Calculate (-10 - (-37 - (-17 + -10))) + -13 + 1.
-12
Calculate (-19 - (9 + -13 + 9)) + 6.
-18
-10 - (4 - (9 - (-1 + 4) - 0))
-8
What is the value of -13 - ((-33 - 0) + 11)?
9
Evaluate -20 + (2 + 2 + -6 - 6 - -10).
-18
What is 8 + 2 + (-2 - 14)?
-6
What is the value of -6 + 2 + 4 - 4 - 5 - -7?
-2
What is 7 + 11 + 1 + (-3 - 4) + -5?
7
Calculate -20 + 9 + 28 + -1 - -6.
22
-11 + -11 + -2 - -12
-12
Evaluate -2 + -1 + (4 - 8) - (-260 + 240).
13
Calculate (-2 - -8) + -1 + 42 + -41.
6
What is -5 - 1 - (61 + (11 - 96))?
18
What is (-4 - -2 - 7) + 27 + -14 - 27?
-23
Evaluate (7 - (-4 - (-1 + -5 - -4))) + 6.
15
117 + -106 - (4 + -2)
9
Evaluate 9 + 3 + 7 + -2 + 4 + 1.
22
Evaluate (13 - (-20 - -26) - (-3 + 0)) + -4.
6
13 - (3 - 2) - (7 + 14 + -17)
8
Calculate -20 + 2 - (20 + 48 + -94).
8
(-43 - -42) + -3 + -19 + 3
-20
Evaluate 12 - (-2 + 30 + -6).
-10
Evaluate 12 + 29 - (29 + -5 + -10).
27
Evaluate (0 - 18) + 14 + -4 + -1.
-9
Evaluate (-33 - -33) + 30 - 13.
17
What is the value of (1 - -3) + 33 + -27 + 20 + -2?
28
What is (6 - 1) + -1 - (-6 - (3 - 22))?
-9
What is the value of -13 - ((4 - (5 - -10) - -5) + 4)?
-11
(-21 - -13 - -3) + -6
-11
What is the value of (-326 - -345) + -1 + -4?
14
What is the value of (-2 - (5 + (-5 - -1) + 5)) + 3?
-5
What is the value of 12 + (-83 + 91 - (2 - 2 - 6))?
26
11 - (16 + 2 + -10 - 5)
8
What is the value of (-1 + -1 - -18) + -2 + 363 + -352?
25
What is the value of 13 + 2 + -15 + 32?
32
Calculate 0 - -9 - 10 - 3.
-4
What is the value of 26 - 23 - (-1 + 0 + 3)?
1
Calculate 4 + 24 + -2 + (-2 - (-16 - -13)).
27
What is the value of 3 - (-7 + (-4 - -9)) - (0 - -4)?
1
75 - 74 - (10 - -2)
-11
Evaluate 21 + -7 + -28 + 2.
-12
Evaluate 3 + (4 - 7) - (2 + (-5 - -1)).
2
-12 + -2 - (-536 + 514)
8
-16 + 11 + (-6 - -17)
6
What is -4 - (-11 - (-18 - -15))?
4
Calculate -6 + 8 + 3 + -8 + 15.
12
38 + (8 - (-36 + 75))
7
1 + (-1 + -9 - -11)
2
Evaluate (-1 + 10 - (-38 - -26)) + -10 + 7.
18
Evaluate 2 + (-1 - 0) - (33 - 44).
12
Evaluate -6 + ((-6 - -4) + 5 - (-4 - -7)).
-6
What is the value of 9 + (-24 - -18 - -2 - -18)?
23
Calculate 3 - (-9 + -2 + 21 + 4 + 6).
-17
What is 1 - -3 - (30 - 32) - (13 - -4)?
-11
Evaluate 5 - (13 - (-7 - 3)).
-18
Calculate -3 - -4 - (2 - 1 - (28 + -31)).
-3
Calculate -21 + (9 - (-4 - 2)).
-6
What is (0 - (-21 - -22 - -10)) + -3 + 21?
7
Evaluate -6 + 2 + 9 + -9.
-4
Calculate -6 + (2 + -6 - -20) - 10.
0
What is 2 + 0 + -1 - (177 + 